{"id":34,"date":"2025-10-27T22:21:17","date_gmt":"2025-10-27T22:21:17","guid":{"rendered":"https:\/\/jvsolucionestech.com\/?page_id=34"},"modified":"2026-01-02T18:10:27","modified_gmt":"2026-01-02T18:10:27","slug":"34-2","status":"publish","type":"page","link":"https:\/\/jvsolucionestech.com\/?page_id=34","title":{"rendered":"NOSOTROS"},"content":{"rendered":"<p>[et_pb_section fb_built=&#8221;1&#8243; admin_label=&#8221;Header&#8221; _builder_version=&#8221;4.25.2&#8243; _module_preset=&#8221;default&#8221; background_enable_color=&#8221;off&#8221; custom_padding=&#8221;||50px|||&#8221; locked=&#8221;off&#8221; global_colors_info=&#8221;{%22gcid-b6c4f12c-f25d-4f61-9fb1-6e96404634cd%22:%91%22background_color%22%93}&#8221;][et_pb_row _builder_version=&#8221;4.25.2&#8243; _module_preset=&#8221;60ce247e-137f-4934-8eac-951538d31688&#8243; global_colors_info=&#8221;{}&#8221;][et_pb_column type=&#8221;4_4&#8243; _builder_version=&#8221;4.25.2&#8243; _module_preset=&#8221;default&#8221; global_colors_info=&#8221;{}&#8221;][et_pb_heading title=&#8221;Sobre Nosotros&#8221; _builder_version=&#8221;4.25.2&#8243; _module_preset=&#8221;b69d3b18-1631-4b08-bf56-7999b3e93983&#8243; custom_margin=&#8221;||10px||false|false&#8221; custom_padding=&#8221;56px|||||&#8221; global_colors_info=&#8221;{}&#8221;][\/et_pb_heading][\/et_pb_column][\/et_pb_row][et_pb_row column_structure=&#8221;3_5,2_5&#8243; _builder_version=&#8221;4.25.2&#8243; _module_preset=&#8221;60ce247e-137f-4934-8eac-951538d31688&#8243; global_colors_info=&#8221;{}&#8221;][et_pb_column type=&#8221;3_5&#8243; _builder_version=&#8221;4.25.2&#8243; _module_preset=&#8221;default&#8221; global_colors_info=&#8221;{}&#8221;][et_pb_text _builder_version=&#8221;4.25.2&#8243; _module_preset=&#8221;52b5391b-439c-4f97-aea9-2c9b080266b6&#8243; global_colors_info=&#8221;{}&#8221;]<\/p>\n<h3 data-start=\"273\" data-end=\"335\"><strong data-start=\"277\" data-end=\"335\">Tecnolog\u00eda que se transforma para un futuro sostenible<\/strong><\/h3>\n<p data-start=\"337\" data-end=\"702\">Somos una empresa de tecnolog\u00eda comprometida con la sostenibilidad y la econom\u00eda circular. Desde hace <strong data-start=\"439\" data-end=\"470\">m\u00e1s de 5 a\u00f1os en el mercado<\/strong>, nos especializamos en la <strong data-start=\"497\" data-end=\"538\">repotenciaci\u00f3n\u00a0 de equipos tecnol\u00f3gicos<\/strong>, prepar\u00e1ndolos, evalu\u00e1ndolos y dej\u00e1ndolos completamente listos para su uso, brind\u00e1ndoles una nueva vida \u00fatil.<\/p>\n<p data-start=\"704\" data-end=\"971\">Creemos que la tecnolog\u00eda puede ser eficiente, accesible y responsable con el medio ambiente. Por eso, cada equipo que pasa por nuestras manos cumple con estrictos procesos t\u00e9cnicos y de calidad, garantizando alto rendimiento, confiabilidad y menor impacto ambiental.<\/p>\n<p data-start=\"704\" data-end=\"971\">\n<h3 data-start=\"978\" data-end=\"1005\"><strong data-start=\"982\" data-end=\"1005\">Nuestra experiencia<\/strong><\/h3>\n<p data-start=\"1007\" data-end=\"1227\">A lo largo de estos a\u00f1os hemos acompa\u00f1ado a empresas, emprendedores e instituciones en la adopci\u00f3n de soluciones tecnol\u00f3gicas m\u00e1s responsables, ayud\u00e1ndolos a optimizar recursos sin comprometer la calidad ni el desempe\u00f1o.<\/p>\n<p data-start=\"1229\" data-end=\"1425\">Nuestra experiencia nos permite ofrecer asesor\u00eda personalizada, soluciones adaptadas a cada necesidad y equipos repotenciados listos para integrarse de inmediato a cualquier entorno de trabajo.<\/p>\n<p>[\/et_pb_text][\/et_pb_column][et_pb_column type=&#8221;2_5&#8243; _builder_version=&#8221;4.25.2&#8243; _module_preset=&#8221;default&#8221; global_colors_info=&#8221;{}&#8221;][et_pb_image src=&#8221;https:\/\/jvsolucionestech.com\/wp-content\/uploads\/2026\/01\/quienes-somos.png&#8221; title_text=&#8221;quienes somos&#8221; _builder_version=&#8221;4.27.5&#8243; _module_preset=&#8221;default&#8221; hover_enabled=&#8221;0&#8243; global_colors_info=&#8221;{}&#8221; sticky_enabled=&#8221;0&#8243;][\/et_pb_image][\/et_pb_column][\/et_pb_row][\/et_pb_section][et_pb_section fb_built=&#8221;1&#8243; _builder_version=&#8221;4.27.5&#8243; _module_preset=&#8221;default&#8221; background_enable_color=&#8221;off&#8221; locked=&#8221;off&#8221; global_colors_info=&#8221;{%22gcid-b6c4f12c-f25d-4f61-9fb1-6e96404634cd%22:%91%22background_color%22%93}&#8221;][et_pb_row _builder_version=&#8221;4.25.2&#8243; _module_preset=&#8221;60ce247e-137f-4934-8eac-951538d31688&#8243; global_colors_info=&#8221;{}&#8221;][et_pb_column type=&#8221;4_4&#8243; _builder_version=&#8221;4.25.2&#8243; _module_preset=&#8221;default&#8221; global_colors_info=&#8221;{}&#8221;][et_pb_heading title=&#8221;NUESTRO EQUIPO&#8221; _builder_version=&#8221;4.27.5&#8243; _module_preset=&#8221;3a51a6a7-7097-4c24-bc95-47a0650c00f1&#8243; title_text_color=&#8221;gcid-b70c6ec4-3d09-43b5-80df-154e6e990bf3&#8243; min_height=&#8221;59px&#8221; global_colors_info=&#8221;{%22gcid-b70c6ec4-3d09-43b5-80df-154e6e990bf3%22:%91%22title_text_color%22%93}&#8221;][\/et_pb_heading][\/et_pb_column][\/et_pb_row][et_pb_row column_structure=&#8221;1_5,1_5,1_5,1_5,1_5&#8243; _builder_version=&#8221;4.25.2&#8243; _module_preset=&#8221;60ce247e-137f-4934-8eac-951538d31688&#8243; hover_enabled=&#8221;0&#8243; global_colors_info=&#8221;{}&#8221; custom_padding=&#8221;||24px|||&#8221; sticky_enabled=&#8221;0&#8243;][et_pb_column type=&#8221;1_5&#8243; _builder_version=&#8221;4.25.2&#8243; _module_preset=&#8221;default&#8221; global_colors_info=&#8221;{}&#8221;][et_pb_image src=&#8221;https:\/\/jvsolucionestech.com\/wp-content\/uploads\/2026\/01\/perfil-jv.png&#8221; title_text=&#8221;perfil jv&#8221; _builder_version=&#8221;4.27.5&#8243; _module_preset=&#8221;c2113988-eee3-4b45-b938-cf37569010d6&#8243; hover_enabled=&#8221;0&#8243; global_colors_info=&#8221;{}&#8221; sticky_enabled=&#8221;0&#8243;][\/et_pb_image][et_pb_text _builder_version=&#8221;4.27.5&#8243; _module_preset=&#8221;default&#8221; hover_enabled=&#8221;0&#8243; sticky_enabled=&#8221;0&#8243;]<\/p>\n<p><strong>ADMINISTRADORA<\/strong><\/p>\n<p>MARIANA CONTRERAS<\/p>\n<p>mcontreras@jvsolucionestech.com<\/p>\n<p>[\/et_pb_text][\/et_pb_column][et_pb_column type=&#8221;1_5&#8243; _builder_version=&#8221;4.25.2&#8243; _module_preset=&#8221;default&#8221; global_colors_info=&#8221;{}&#8221;][et_pb_image src=&#8221;https:\/\/jvsolucionestech.com\/wp-content\/uploads\/2026\/01\/perfil-jv.png&#8221; title_text=&#8221;perfil jv&#8221; _builder_version=&#8221;4.27.5&#8243; _module_preset=&#8221;c2113988-eee3-4b45-b938-cf37569010d6&#8243; hover_enabled=&#8221;0&#8243; global_colors_info=&#8221;{}&#8221; sticky_enabled=&#8221;0&#8243;][\/et_pb_image][et_pb_text _builder_version=&#8221;4.27.5&#8243; _module_preset=&#8221;default&#8221; hover_enabled=&#8221;0&#8243; sticky_enabled=&#8221;0&#8243;]<\/p>\n<p><strong>COORDINADORA<\/strong><\/p>\n<p>MARIA JOSE<\/p>\n<p>m@jvsolucionestech.com<\/p>\n<p>[\/et_pb_text][\/et_pb_column][et_pb_column type=&#8221;1_5&#8243; _builder_version=&#8221;4.25.2&#8243; _module_preset=&#8221;default&#8221; global_colors_info=&#8221;{}&#8221;][et_pb_image src=&#8221;https:\/\/jvsolucionestech.com\/wp-content\/uploads\/2026\/01\/perfil-jv.png&#8221; title_text=&#8221;perfil jv&#8221; _builder_version=&#8221;4.27.5&#8243; _module_preset=&#8221;c2113988-eee3-4b45-b938-cf37569010d6&#8243; hover_enabled=&#8221;0&#8243; global_colors_info=&#8221;{}&#8221; sticky_enabled=&#8221;0&#8243;][\/et_pb_image][et_pb_text _builder_version=&#8221;4.27.5&#8243; _module_preset=&#8221;default&#8221; hover_enabled=&#8221;0&#8243; sticky_enabled=&#8221;0&#8243;]<\/p>\n<p><strong>ASESORA DE VENTAS<\/strong><\/p>\n<p>AMY<\/p>\n<p>a@jvsolucionestech.com<\/p>\n<p>[\/et_pb_text][\/et_pb_column][et_pb_column type=&#8221;1_5&#8243; _builder_version=&#8221;4.25.2&#8243; _module_preset=&#8221;default&#8221; global_colors_info=&#8221;{}&#8221;][et_pb_image src=&#8221;https:\/\/jvsolucionestech.com\/wp-content\/uploads\/2026\/01\/perfil-jv.png&#8221; title_text=&#8221;perfil jv&#8221; _builder_version=&#8221;4.27.5&#8243; _module_preset=&#8221;c2113988-eee3-4b45-b938-cf37569010d6&#8243; hover_enabled=&#8221;0&#8243; global_colors_info=&#8221;{}&#8221; sticky_enabled=&#8221;0&#8243;][\/et_pb_image][et_pb_text _builder_version=&#8221;4.27.5&#8243; _module_preset=&#8221;default&#8221; hover_enabled=&#8221;0&#8243; sticky_enabled=&#8221;0&#8243;]<\/p>\n<p><strong>T\u00c9CNICO<\/strong><\/p>\n<p>EDWIN RODRIGUEZ<\/p>\n<p>erodriguez@jvsolucionestech.com<\/p>\n<p>[\/et_pb_text][\/et_pb_column][et_pb_column type=&#8221;1_5&#8243; _builder_version=&#8221;4.25.2&#8243; _module_preset=&#8221;default&#8221; global_colors_info=&#8221;{}&#8221;][et_pb_image src=&#8221;https:\/\/jvsolucionestech.com\/wp-content\/uploads\/2026\/01\/perfil-jv.png&#8221; title_text=&#8221;perfil jv&#8221; _builder_version=&#8221;4.27.5&#8243; _module_preset=&#8221;c2113988-eee3-4b45-b938-cf37569010d6&#8243; hover_enabled=&#8221;0&#8243; global_colors_info=&#8221;{}&#8221; sticky_enabled=&#8221;0&#8243;][\/et_pb_image][et_pb_text _builder_version=&#8221;4.27.5&#8243; _module_preset=&#8221;default&#8221; hover_enabled=&#8221;0&#8243; sticky_enabled=&#8221;0&#8243;]<\/p>\n<p><strong>T\u00c9CNICO<\/strong><\/p>\n<p>ADRIAN TORRES<\/p>\n<p>atorres@jvsolucionestech.com<\/p>\n<p>[\/et_pb_text][\/et_pb_column][\/et_pb_row][et_pb_row column_structure=&#8221;1_5,1_5,1_5,1_5,1_5&#8243; _builder_version=&#8221;4.25.2&#8243; _module_preset=&#8221;60ce247e-137f-4934-8eac-951538d31688&#8243; global_colors_info=&#8221;{}&#8221; custom_padding=&#8221;||24px|||&#8221;][et_pb_column type=&#8221;1_5&#8243; _builder_version=&#8221;4.25.2&#8243; _module_preset=&#8221;default&#8221; global_colors_info=&#8221;{}&#8221;][et_pb_image src=&#8221;https:\/\/jvsolucionestech.com\/wp-content\/uploads\/2026\/01\/perfil-jv.png&#8221; title_text=&#8221;perfil jv&#8221; _builder_version=&#8221;4.27.5&#8243; _module_preset=&#8221;c2113988-eee3-4b45-b938-cf37569010d6&#8243; hover_enabled=&#8221;0&#8243; global_colors_info=&#8221;{}&#8221; sticky_enabled=&#8221;0&#8243;][\/et_pb_image][et_pb_text _builder_version=&#8221;4.27.5&#8243; _module_preset=&#8221;default&#8221; hover_enabled=&#8221;0&#8243; sticky_enabled=&#8221;0&#8243;]<\/p>\n<p><strong>CONTROL DE INVENTARIO<\/strong><\/p>\n<p>JESUA VILEMA<\/p>\n<p>jvilema@jvsolucionestech.com<\/p>\n<p>[\/et_pb_text][\/et_pb_column][et_pb_column type=&#8221;1_5&#8243; _builder_version=&#8221;4.25.2&#8243; _module_preset=&#8221;default&#8221; global_colors_info=&#8221;{}&#8221;][\/et_pb_column][et_pb_column type=&#8221;1_5&#8243; _builder_version=&#8221;4.25.2&#8243; _module_preset=&#8221;default&#8221; global_colors_info=&#8221;{}&#8221;][\/et_pb_column][et_pb_column type=&#8221;1_5&#8243; _builder_version=&#8221;4.25.2&#8243; _module_preset=&#8221;default&#8221; global_colors_info=&#8221;{}&#8221;][\/et_pb_column][et_pb_column type=&#8221;1_5&#8243; _builder_version=&#8221;4.25.2&#8243; _module_preset=&#8221;default&#8221; global_colors_info=&#8221;{}&#8221;][\/et_pb_column][\/et_pb_row][\/et_pb_section][et_pb_section fb_built=&#8221;1&#8243; admin_label=&#8221;Call To Action&#8221; _builder_version=&#8221;4.25.2&#8243; _module_preset=&#8221;default&#8221; background_color=&#8221;gcid-b6c4f12c-f25d-4f61-9fb1-6e96404634cd&#8221; custom_padding=&#8221;30px||26px|||&#8221; locked=&#8221;off&#8221; global_colors_info=&#8221;{%22gcid-b6c4f12c-f25d-4f61-9fb1-6e96404634cd%22:%91%22background_color%22%93}&#8221;][et_pb_row _builder_version=&#8221;4.25.2&#8243; _module_preset=&#8221;default&#8221; max_width=&#8221;900px&#8221; locked=&#8221;off&#8221; global_colors_info=&#8221;{}&#8221;][et_pb_column type=&#8221;4_4&#8243; _builder_version=&#8221;4.25.2&#8243; _module_preset=&#8221;default&#8221; global_colors_info=&#8221;{}&#8221;][et_pb_heading title=&#8221;CONOSE MAS DE NOSOTROS&#8221; _builder_version=&#8221;4.27.5&#8243; _module_preset=&#8221;3a51a6a7-7097-4c24-bc95-47a0650c00f1&#8243; title_text_align=&#8221;center&#8221; title_text_color=&#8221;gcid-b70c6ec4-3d09-43b5-80df-154e6e990bf3&#8243; custom_padding=&#8221;12px||6px|||&#8221; locked=&#8221;off&#8221; global_colors_info=&#8221;{%22gcid-b70c6ec4-3d09-43b5-80df-154e6e990bf3%22:%91%22title_text_color%22%93}&#8221;][\/et_pb_heading][et_pb_heading title=&#8221;Ingresando y siguiendonos en todas nuestras redes sociales oficial&#8221; _builder_version=&#8221;4.25.2&#8243; _module_preset=&#8221;b4f59ff3-84d5-4e8f-980f-6d72fb73dacc&#8221; title_text_align=&#8221;center&#8221; max_width=&#8221;900px&#8221; module_alignment=&#8221;center&#8221; locked=&#8221;off&#8221; global_colors_info=&#8221;{}&#8221;][\/et_pb_heading][et_pb_button button_text=&#8221;Find Agent&#8221; button_alignment=&#8221;center&#8221; _builder_version=&#8221;4.25.2&#8243; _module_preset=&#8221;267d6ba5-6405-422a-8fe5-31803bb64e3a&#8221; locked=&#8221;off&#8221; global_colors_info=&#8221;{}&#8221;][\/et_pb_button][\/et_pb_column][\/et_pb_row][\/et_pb_section][et_pb_section fb_built=&#8221;1&#8243; admin_label=&#8221;Footer&#8221; _builder_version=&#8221;4.25.2&#8243; _module_preset=&#8221;default&#8221; background_color=&#8221;#000000&#8243; custom_padding=&#8221;||0px||false|false&#8221; saved_tabs=&#8221;all&#8221; locked=&#8221;off&#8221; global_colors_info=&#8221;{}&#8221;][et_pb_row _builder_version=&#8221;4.25.2&#8243; _module_preset=&#8221;60ce247e-137f-4934-8eac-951538d31688&#8243; locked=&#8221;off&#8221; global_colors_info=&#8221;{}&#8221;][et_pb_column type=&#8221;4_4&#8243; _builder_version=&#8221;4.25.2&#8243; _module_preset=&#8221;default&#8221; global_colors_info=&#8221;{}&#8221;][et_pb_heading title=&#8221;\u00bfPor que cont\u00e1ctarno?&#8221; _builder_version=&#8221;4.27.5&#8243; _module_preset=&#8221;a7cd585d-c515-4559-9d8d-c90856fa006b&#8221; title_text_color=&#8221;#FFFFFF&#8221; custom_margin=&#8221;||10px||false|false&#8221; custom_padding=&#8221;35px|||||&#8221; global_colors_info=&#8221;{}&#8221;][\/et_pb_heading][et_pb_text _builder_version=&#8221;4.27.5&#8243; _module_preset=&#8221;15c697d2-1244-44b5-bf91-38117c9d199a&#8221; text_text_color=&#8221;#FFFFFF&#8221; global_colors_info=&#8221;{}&#8221;]<\/p>\n<ul>\n<li data-start=\"668\" data-end=\"733\">\n<p data-start=\"670\" data-end=\"733\">\u267b\ufe0f Tecnolog\u00eda, lista para usar y con garant\u00eda.<\/p>\n<\/li>\n<li data-start=\"734\" data-end=\"807\">\n<p data-start=\"736\" data-end=\"807\">\ud83d\udcbb Equipos revisados, preparados y certificados para un desempe\u00f1o perfecto.<\/p>\n<\/li>\n<li data-start=\"808\" data-end=\"872\">\n<p data-start=\"810\" data-end=\"872\">\ud83c\udf31 Compromiso real con la reducci\u00f3n de desechos electr\u00f3nicos.<\/p>\n<\/li>\n<li data-start=\"873\" data-end=\"953\">\n<p data-start=\"875\" data-end=\"953\">\ud83e\udd1d Asesor\u00eda personalizada para estudiante, profesionales, empresas o instituciones en equipos tecnol\u00f3gicos.<\/p>\n<\/li>\n<\/ul>\n<p>[\/et_pb_text][\/et_pb_column][\/et_pb_row][et_pb_row _builder_version=&#8221;4.25.2&#8243; _module_preset=&#8221;60ce247e-137f-4934-8eac-951538d31688&#8243; hover_enabled=&#8221;0&#8243; global_colors_info=&#8221;{}&#8221; sticky_enabled=&#8221;0&#8243;][et_pb_column type=&#8221;4_4&#8243; _builder_version=&#8221;4.25.2&#8243; _module_preset=&#8221;default&#8221; global_colors_info=&#8221;{}&#8221;][et_pb_image src=&#8221;https:\/\/jvsolucionestech.com\/wp-content\/uploads\/2025\/12\/21488848386.jpg&#8221; title_text=&#8221;21488848386&#8243; _builder_version=&#8221;4.27.5&#8243; _module_preset=&#8221;default&#8221; global_colors_info=&#8221;{}&#8221; sticky_enabled=&#8221;0&#8243; filter_opacity=&#8221;23%&#8221;][\/et_pb_image][\/et_pb_column][\/et_pb_row][\/et_pb_section]<\/p>\n","protected":false},"excerpt":{"rendered":"<p>Tecnolog\u00eda que se transforma para un futuro sostenible Somos una empresa de tecnolog\u00eda comprometida con la sostenibilidad y la econom\u00eda circular. Desde hace m\u00e1s de 5 a\u00f1os en el mercado, nos especializamos en la repotenciaci\u00f3n\u00a0 de equipos tecnol\u00f3gicos, prepar\u00e1ndolos, evalu\u00e1ndolos y dej\u00e1ndolos completamente listos para su uso, brind\u00e1ndoles una nueva vida \u00fatil. Creemos que la [&hellip;]<\/p>\n","protected":false},"author":1,"featured_media":0,"parent":0,"menu_order":0,"comment_status":"closed","ping_status":"closed","template":"","meta":{"_et_pb_use_builder":"on","_et_pb_old_content":"","_et_gb_content_width":"","footnotes":""},"class_list":["post-34","page","type-page","status-publish","hentry"],"_links":{"self":[{"href":"https:\/\/jvsolucionestech.com\/index.php?rest_route=\/wp\/v2\/pages\/34","targetHints":{"allow":["GET"]}}],"collection":[{"href":"https:\/\/jvsolucionestech.com\/index.php?rest_route=\/wp\/v2\/pages"}],"about":[{"href":"https:\/\/jvsolucionestech.com\/index.php?rest_route=\/wp\/v2\/types\/page"}],"author":[{"embeddable":true,"href":"https:\/\/jvsolucionestech.com\/index.php?rest_route=\/wp\/v2\/users\/1"}],"replies":[{"embeddable":true,"href":"https:\/\/jvsolucionestech.com\/index.php?rest_route=%2Fwp%2Fv2%2Fcomments&post=34"}],"version-history":[{"count":18,"href":"https:\/\/jvsolucionestech.com\/index.php?rest_route=\/wp\/v2\/pages\/34\/revisions"}],"predecessor-version":[{"id":162,"href":"https:\/\/jvsolucionestech.com\/index.php?rest_route=\/wp\/v2\/pages\/34\/revisions\/162"}],"wp:attachment":[{"href":"https:\/\/jvsolucionestech.com\/index.php?rest_route=%2Fwp%2Fv2%2Fmedia&parent=34"}],"curies":[{"name":"wp","href":"https:\/\/api.w.org\/{rel}","templated":true}]}}